ors of 2112109?
73, 28933
What are the prime factors of 11532?
2, 3, 31
What are the prime factors of 462309?
3, 73, 2111
What are the prime factors of 32196097?
167, 192791
What are the prime factors of 1113014?
2, 7, 107, 743
What are the prime factors of 3156454?
2, 7, 225461
List the prime factors of 758777.
71, 10687
List the prime factors of 5173892.
2, 1293473
What are the prime factors of 299566?
2, 101, 1483
What are the prime factors of 2912834?
2, 1456417
What are the prime factors of 1018885?
5, 7, 43, 677
List the prime factors of 7018456.
2, 37, 131, 181
What are the prime factors of 58328?
2, 23, 317
What are the prime factors of 720061?
23, 31307
What are the prime factors of 486789?
3, 162263
List the prime factors of 188052.
2, 3, 15671
List the prime factors of 17549410.
2, 5, 31, 56611
What are the prime factors of 1750735?
5, 7, 50021
List the prime factors of 9390937.
9390937
List the prime factors of 377515.
5, 75503
What are the prime factors of 8648863?
8648863
What are the prime factors of 113873?
23, 4951
List the prime factors of 10845186.
2, 3, 11, 164321
What are the prime factors of 4518716?
2, 1129679
What are the prime factors of 57464?
2, 11, 653
List the prime factors of 6387431.
41, 83, 1877
What are the prime factors of 166068?
2, 3, 7, 659
What are the prime factors of 1248787?
37, 33751
List the prime factors of 4350057.
3, 1450019
List the prime factors of 5209468.
2, 11, 197, 601
List the prime factors of 666312.
2, 3, 27763
What are the prime factors of 10255?
5, 7, 293
List the prime factors of 3489576.
2, 3, 145399
List the prime factors of 5210247.
3, 7, 137, 1811
What are the prime factors of 312409?
17, 23, 47
What are the prime factors of 442598?
2, 13, 29, 587
List the prime factors of 998424.
2, 3, 7, 283
List the prime factors of 481245.
3, 5, 32083
List the prime factors of 295007.
295007
What are the prime factors of 5778583?
2267, 2549
What are the prime factors of 321405?
3, 5, 7, 3061
List the prime factors of 18342655.
5, 3668531
What are the prime factors of 4794887?
43, 111509
List the prime factors of 191073.
3, 63691
What are the prime factors of 493703?
7, 70529
List the prime factors of 8644034.
2, 7, 479, 1289
List the prime factors of 5851.
5851
List the prime factors of 16463570.
2, 5, 1646357
What are the prime factors of 913070?
2, 5, 17, 41, 131
What are the prime factors of 953276?
2, 67, 3557
What are the prime factors of 26382147?
3, 11, 17, 31, 37, 41
List the prime factors of 1067839.
233, 4583
List the prime factors of 531696.
2, 3, 11, 19, 53
List the prime factors of 7031132.
2, 17, 103399
What are the prime factors of 475107?
3, 29, 43, 127
What are the prime factors of 65328?
2, 3, 1361
List the prime factors of 1462362.
2, 3, 11, 22157
What are the prime factors of 22779997?
191, 119267
What are the prime factors of 3180455?
5, 137, 4643
What are the prime factors of 1366380?
2, 3, 5, 7591
List the prime factors of 1367031.
3, 19, 29, 827
What are the prime factors of 3223627?
11, 227, 1291
List the prime factors of 4693733.
11, 53, 83, 97
List the prime factors of 3639901.
359, 10139
List the prime factors of 905263.
101, 8963
What are the prime factors of 144873?
3, 16097
What are the prime factors of 3540342?
2, 3, 13, 45389
What are the prime factors of 8604727?
881, 9767
What are the prime factors of 399754?
2, 199877
List the prime factors of 543442.
2, 163, 1667
What are the prime factors of 106679?
107, 997
What are the prime factors of 387655?
5, 31, 41, 61
List the prime factors of 2767868.
2, 73, 9479
What are the prime factors of 15827250?
2, 3, 5, 47, 449
List the prime factors of 126289.
47, 2687
What are the prime factors of 160017?
3, 11, 13, 373
What are the prime factors of 45057?
3, 23, 653
List the prime factors of 572723.
23, 37, 673
What are the prime factors of 1433383?
7, 23, 29, 307
List the prime factors of 1826288.
2, 114143
What are the prime factors of 6783304?
2, 11, 19, 4057
List the prime factors of 24564676.
2, 103, 109, 547
What are the prime factors of 3453526?
2, 233, 7411
List the prime factors of 3386387.
3386387
What are the prime factors of 659786?
2, 47, 7019
List the prime factors of 1461654.
2, 3, 81203
List the prime factors of 1652021.
7, 23, 31, 331
List the prime factors of 248242.
2, 124121
List the prime factors of 1042934.
2, 53, 9839
What are the prime factors of 10784254?
2, 13, 414779
What are the prime factors of 5282159?
5282159
What are the prime factors of 6008417?
1481, 4057
What are the prime factors of 17890306?
2, 7, 1277879
What are the prime factors of 7506734?
2, 3753367
What are the prime factors of 5349931?
43, 83, 1499
List the prime factors of 81791.
89, 919
What are the prime factors of 307518?
2, 3, 107, 479
List the prime factors of 19412344.
2, 7, 346649
What are the prime factors of 20177741?
1283, 15727
List the prime factors of 557199.
3, 2293
List the prime factors of 5657145.
3, 5, 13, 67, 433
List the prime factors of 4016183.
167, 24049
List the prime factors of 245773.
11, 22343
List the prime factors of 798579.
3, 9859
List the prime factors of 538419.
3, 7, 25639
What are the prime factors of 77458?
2, 38729
List the prime factors of 6556027.
6556027
List the prime factors of 1186075.
5, 11, 19, 227
List the prime factors of 1329176.
2, 166147
What are the prime factors of 1554036?
2, 3, 11, 61, 193
List the prime factors of 8567419.
7, 1009, 1213
List the prime factors of 3490794.
2, 3, 19, 59, 173
List the prime factors of 27089618.
2, 103, 107, 1229
What are the prime factors of 14052770?
2, 5, 23, 61099
What are the prime factors of 696059?
7, 13, 7649
What are the prime factors of 301736?
2, 37717
What are the prime factors of 5069395?
5, 1013879
List the prime factors of 4384877.
7, 19, 32969
List the prime factors of 3939876.
2, 3, 109441
List the prime factors of 220029.
3, 71, 1033
List the prime factors of 531501.
3, 177167
What are the prime factors of 1271795?
5, 7, 29, 179
List the prime factors of 1863498.
2, 3, 7, 13, 3413
What are the prime factors of 3444551?
11, 487, 643
What are the prime factors of 251429?
251429
List the prime factors of 198730.
2, 5, 7, 17, 167
What are the prime factors of 254574?
2, 3, 14143
List the prime factors of 624423.
3, 208141
What are the prime factors of 314417?
229, 1373
What are the prime factors of 23520606?
2, 3, 199, 19699
List the prime factors of 2338192.
2, 317, 461
What are the prime factors of 3600292?
2, 29, 41, 757
What are the prime factors of 329975?
5, 67, 197
What are the prime factors of 689294?
2, 107, 3221
List the prime factors of 2782065.
3, 5, 11, 13, 1297
What are the prime factors of 315120?
2, 3, 5, 13, 101
List the prime factors of 5824445.
5, 11, 105899
What are the prime factors of 4005923?
43, 59, 1579
What are the prime factors of 263818?
2, 131909
What are the prime factors of 8049197?
13, 619169
What are the prime factors of 228332?
2, 13, 4391
What are the prime factors of 27842085?
3, 5, 131, 4723
What are the prime factors of 242398?
2, 13, 9323
List the prime factors of 900817.
900817
List the prime factors of 297002.
2, 148501
List the prime factors of 514405.
5, 102881
List the prime factors of 726264.
2, 3, 7, 11, 131
List the prime factors of 316402.
2, 158201
List the prime factors of 397197.
3, 47, 313
List the prime factors of 714629.
17, 127, 331
List the prime factors of 173753.
239, 727
What are the prime factors of 4119199?
7, 193, 3049
What are the prime factors of 5458180?
2, 5, 7, 13, 2999
List the prime factors of 949368.
2, 3, 7, 5651
List the prime factors of 6350449.
7, 29, 41, 109
What are the prime factors of 6306174?
2, 3, 7, 67, 83
List the prime factors of 388535.
5, 7, 17, 653
What are the prime factors of 7231583?
7231583
What are the prime factors of 2569304?
2, 321163
List the prime factors of 16236360.
2, 3, 5, 7, 17, 379
What are the prime factors of 3001077?
3, 41, 2711
What are the prime factors of 1392032?
2, 41, 1061
What are the prime factors of 12818058?
2, 3, 11, 29, 37, 181
List the prime factors of 6755.
5, 7, 193
List the prime factors of 470058.
2, 3, 157, 499
List the prime factors of 135722.
2, 79, 859
What are the prime factors of 2511916?
2, 11, 57089